 24?
22
Calculate the remainder when 1 + -3 - -131 - 1 - 2 is divided by 16.
14
Let u = 31 - 26. Calculate the remainder when 23 is divided by u.
3
Let p(a) = a**2 + a + 1. Let u be p(-2). Suppose 0*f + 3*k = u*f - 12, 0 = 2*f + 2*k - 12. Calculate the remainder when f is divided by 3.
2
Suppose -4*y + 508 = -3*f, 3*y - f - 646 = -2*y. Let l = 7 - 7. Suppose 8*m + 4*a - 312 = 3*m, 2*m - a - y = l. What is the remainder when m is divided by 22?
20
Let t be 8/2*20/16. Let p(o) = -o + 4. Let h be p(2). Let z = t - h. What is the remainder when z is divided by 2?
1
Let q = 1 - -1. Suppose -d + 10 - q = 0. What is the remainder when 23 is divided by d?
7
Let j = 33 + -25. Suppose 7*h = j*h - 38. What is the remainder when h is divided by 13?
12
Let f(k) = -5*k + 78. Calculate the remainder when 164 is divided by f(9).
32
Suppose -9*q + 133 = -1253. Calculate the remainder when q is divided by 52.
50
Let k be (-18)/(-8) + (-3)/(-4). Suppose -k*c = -82 + 4. Calculate the remainder when c is divided by 14.
12
What is the remainder when -10*((-44)/8 - -2) is divided by 19?
16
Suppose -4*r + a + 184 = -a, 0 = -3*a. What is the remainder when r is divided by 16?
14
Suppose -14 = -w + u, -4*w - 3*u = 2*u - 83. Suppose 4*c - 211 = 4*p - 3, c - 4*p = 58. What is the remainder when c is divided by w?
16
Let f(l) = -l**3 + 2*l**2 + 2*l + 4. Let o be f(3). Let m(y) = y**3 + 7*y**2 + 4*y + 5. What is the remainder when m(-6) is divided by 6 - (0 + 0 + o)?
2
Calculate the remainder when (51 - 46)*(1 + (1 - 1)) is divided by (-2)/8 + (-26)/(-8).
2
Let p(z) = z**3 + 4*z**2 + 4*z + 2. Let k be p(-2). Suppose 5*v + 1 = 2*n, 0 = 3*v - 0*v - 9. What is the remainder when n is divided by 1 + k/2 - -1?
2
Suppose -10*j + 126 - 6 = 0. Suppose 5*f + 25 = 0, 3*t - 6 - 31 = 5*f. Suppose t*x + v + 2*v = 194, x = -5*v + 57. What is the remainder when x is divided by j?
11
Let b be ((-20)/(-6))/((-1)/(-3)). Let p be b/8 - 1/4. Let z = 16 - p. What is the remainder when z is divided by 8?
7
Let i(m) = 5*m**2 + 2*m. Calculate the remainder when 61 is divided by i(-2).
13
Let d(f) = 18*f**2 + 2*f + 1. Let h be d(-1). Suppose l - q - 24 = -6*q, l = -3*q + 18. Calculate the remainder when (h/3)/(2/12) is divided by l.
7
Let u = 44 - 1. What is the remainder when 212 is divided by u?
40
Let c(j) = -3*j**3 + 4*j**3 + 4*j - 3*j**2 - 4 + 3*j. What is the remainder when c(4) is divided by 10/4*6 - 1?
12
Suppose -g = -0*g - 40. Let s(z) = -z**3 - 6*z**2 + 4*z - 7. Calculate the remainder when g is divided by s(-7).
12
Let r(i) = -16*i**3 - 26*i**2 + 4*i - 14. Let l(t) = 3*t**3 + 5*t**2 - t + 3. Let q(j) = -11*l(j) - 2*r(j). What is the remainder when q(-5) is divided by 16?
14
Suppose 0 = 2*w - 2 - 8. Suppose 6*i = 3*i. Suppose 5*l + 3*r = 228, -2*r - 3 + w = i. Calculate the remainder when l is divided by 23.
22
Suppose -3*x + 4*h = -69, -x + h - 54 = -4*x. Let y = 170 - 96. What is the remainder when y is divided by x?
17
Suppose -5*c = 4*x + 9 + 4, 0 = 2*x + 2*c + 4. Suppose 9 = m + x. What is the remainder when 2/(-4) + 21/2 is divided by m?
4
Let l be 1/1 + 3 + 0. Suppose l*f + g = -g + 106, 0 = -2*f - 3*g + 47. Let q(v) = -v + 7. What is the remainder when f is divided by q(-8)?
13
Suppose 3*b - 50 = -2*b. What is the remainder when 27 + (0 - -6) - -6 is divided by b?
9
Let l(w) = w**2 + 7*w - 2. Let n be l(-9). Let u = -11 + n. Calculate the remainder when 9 is divided by u.
4
Suppose 4*s - 31 - 17 = 4*b, 5*b - 20 = -3*s. Calculate the remainder when 38 is divided by s.
8
Let b(n) = n**2 - 5*n + 5. Calculate the remainder when 91 is divided by b(7).
15
Let b be (-16)/(-6) + (-2)/(-6). Suppose 2*v = b*f + 4 - 6, -5*v + f + 21 = 0. Calculate the remainder when ((-3)/(-2))/((-12)/(-104)) is divided by v.
3
Suppose 5*n = 4*i - 18 - 9, 5*i = -5*n. Suppose v - 4 + 27 = 2*s, 0 = 4*s + 3*v - 31. Let w = s - 4. Calculate the remainder when w is divided by i.
0
Suppose 5*b = -0*b + 485. Calculate the remainder when b is divided by 33.
31
Let y(w) = -12*w**2 - 2*w + 1. Let j be y(2). Let z = -31 - j. Calculate the remainder when 39 is divided by z.
19
Calculate the remainder when 148 is divided by (-21)/(-7) + (2 - -20).
23
Let f(d) = 2*d**2 - 4*d - 6. Let w be -2 + (2 - 0)*-1. Calculate the remainder when f(w) is divided by 22.
20
Let n(p) = -p**2 - p + 1. Let l be n(2). Let k be 1/l - 182/(-10). Suppose -z + 16 = 3*o - k, 5*z = -2*o + 157. What is the remainder when z is divided by 16?
15
Suppose -2*m + 2*y = 64, -3*m + 0*m - 4*y = 131. Let h = m + 54. Calculate the remainder when 66 is divided by h.
15
Suppose 4*t = -13 + 33. Suppose -4*m - 5*a + 71 = 0, -2*m + 36 + 7 = t*a. Let y = -38 - -78. Calculate the remainder when y is divided by m.
12
Suppose 8 = 5*o - o. Calculate the remainder when o is divided by 2.
0
Let r(q) = q**2 + 5*q - 1. Let u be r(-6). Let a = -3 + u. Suppose h + s = -a*s + 27, s = 4. Calculate the remainder when 29 is divided by h.
14
Let n(i) = 4*i**3 + i - 1. Let a be n(1). Suppose -a*b - 2*f + 115 = -101, -f - 4 = 0. Suppose -3*r = r - b. Calculate the remainder when 27 is divided by r.
13
Let p = 32 - 21. Suppose -12 = -2*c - 4. Suppose 0 = c*m + m - 30. What is the remainder when p is divided by m?
5
Suppose 2*g - 32 + 8 = -3*c, 35 = 2*c - 5*g. What is the remainder when c is divided by 3?
1
Let t be (-2 - -2) + (-4)/(-2). Suppose -h = -t*h + 10. What is the remainder when 37 is divided by h?
7
Calculate the remainder when 13 is divided by 1/(-5) - 92/(-10).
4
Let t(j) = 4*j + 1. Let h be 46/12 - (-6)/36. Suppose 0 = 3*m + 2*l - 17, l = h*m + 4*l - 23. What is the remainder when 41 is divided by t(m)?
20
Suppose 4*g = 9 + 307. What is the remainder when g is divided by 1/6*-1 + (-1210)/(-60)?
19
Let q = 54 - 42. Calculate the remainder when 33 is divided by q.
9
Let n = 0 - -27. Suppose 3*u - t = 14 + n, -2*t = -u + 12. Calculate the remainder when 53 is divided by u.
11
Suppose b = 22 + 15. Calculate the remainder when b is divided by 10.
7
Let k = 8 - 14. What is the remainder when 3*2*(-33)/k is divided by 12?
9
Suppose 4*q + 0*q - 376 = -2*p, 5*q - 468 = -3*p. Suppose 6*s - 8*s + q = 0. Calculate the remainder when s is divided by 25.
23
Calculate the remainder when 4 is divided by 2*((-10)/(-6) + 8/(-12)).
0
Let j(t) = -t + 4. What is the remainder when j(-9) is divided by 5?
3
Suppose -580 = -8*a - 204. Calculate the remainder when a is divided by 25.
22
Let b be (-3)/(-4) - 63/(-12). Suppose -u - 44 = -5*j, 5*u - 8 = -j + b. Suppose t + 2*t - 51 = 0. Calculate the remainder when t is divided by j.
8
Suppose 0*l = 3*l - 15. Suppose 0*x = l*x - 165. What is the remainder when x is divided by 12?
9
Suppose 132 = 5*r + r. Calculate the remainder when 87 is divided by r.
21
Let o(c) = c**2 - 27*c + 28. What is the remainder when 32 is divided by o(26)?
0
Let h = -1 + 5. Let a = 2 + h. What is the remainder when 17 is divided by a?
5
Let j = -19 + 43. Suppose 4*w - j = -2*t, -2*t + 8 = 5*w - 17. Calculate the remainder when (-4)/t - 197/(-5) is divided by 14.
11
Suppose -18*c + 10*c = -48. What is the remainder when 7 is divided by c?
1
Let n(s) = -s + 6. What is the remainder when (-258)/(-5) - 6/10 is divided by n(-7)?
12
Suppose 171 = 5*n + 41. Calculate the remainder when n is divided by 14.
12
Suppose 40 = o + 24. What is the remainder when 47 is divided by o?
15
Let s(j) = -j**2 + j. Let r be s(-1). Let w be (-12)/(-42) - 4/14. Calculate the remainder when (-25 - 1)/r - w is divided by 5.
3
Let a(p) = -p + 8. Let z be a(6). Let h = 27 + z. Calculate the remainder when h is divided by 15.
14
Calculate the remainder when 1/4 + (-351)/(-4) is divided by 18.
16
Let c(u) = u + 8. Let x be c(-4). Suppose -5*d + 58 = 3*j, x*d - 2*d = 2*j + 20. Calculate the remainder when d is divided by 4.
3
Let n = 6 - 1. What is the remainder when 7 is divided by n?
2
Let b = 17 + -12. Suppose -5*g = -3*g - 40. Let d = b + g. What is the remainder when d is divided by 13?
12
Let f = 72 - 47. Calculate the remainder when 48 is divided by f.
23
What is the remainder when ((-1)/(-3))/(1/66) is divided by 8?
6
Let o(j) = j**3 + 3*j**2 - 2*j. Let s be (6/5)/((-2)/5). Calculate the remainder when 16 is divided by o(s).
4
Let n(l) = -2*l**2 - 54*l - 60. What is the remainder when